 4*s - 54. Let t(i) = -6*n(i) + v(i). Calculate t(-2).
8
Let g(o) = o**3 - 3*o**2 - 5*o + 7. Suppose -4*z = 5*a, 6*a - 4*a - 33 = 5*z. Determine g(a).
3
Let g(j) be the first derivative of 35*j**4/4 + j**3/3 + j**2/2 + 101. What is g(-1)?
-35
Let q(h) be the first derivative of -h**3/3 - 11*h**2/2 + 11*h - 90. What is q(-11)?
11
Let t(g) = 1. Let w(y) = -y - 1. Let x(r) = -6*t(r) - w(r). Give x(0).
-5
Let f be 0 - (4/4 + -6). Suppose -f*t + t + 28 = 3*k, -k - t + 9 = 0. Suppose -k = -3*q + 4. Let v(g) = 2*g - 2. Determine v(q).
6
Let c(z) = 11*z**2 + z. Let k(o) = 1 - 1564*o**2 + 1558*o**2 + o + o**3 - o. Let h be k(6). Calculate c(h).
12
Let h(f) = -226*f - 36. Let p(m) = -76*m - 13. Let o(t) = 4*h(t) - 11*p(t). Give o(-1).
67
Let c = -169 - -243. Let m(b) = 82*b**2 + 6*b + 11 - c*b**2 + b**3 - 10. What is m(-7)?
8
Let z(q) be the first derivative of -q**4/4 - 4*q**3/3 - q**2/2 - 2*q + 103. Determine z(-4).
2
Let o(f) = f**3 + 11*f**2 + 2*f + 9. Suppose 0 = -11*x - 99 - 22. Determine o(x).
-13
Let q(y) be the third derivative of y**5/60 - y**4/4 + y**3/2 - 64*y**2. Let t(n) = n**2 - 7*n - 3. Let o be t(8). Give q(o).
-2
Let k(c) = c**2 + 14*c - 17. Let u(p) = -2*p**2 - 26*p + 31. Let z(x) = -11*k(x) - 6*u(x). Determine z(6).
49
Suppose 18 - 14 = y. Let d(x) = 4 + 4*x + x**3 - x + 0*x**3 - y*x - 4*x**2. Give d(4).
0
Let b(h) = 2*h + 1. Let o(z) = z**2 + 7*z - 1. Let g be o(0). What is b(g)?
-1
Let g be -1*(-2)/6*(4 + 5). Let o(y) = -7*y**2 - 3*y - 1. Let v(r) = 13*r**2 + 5*r + 2. Let q(u) = 11*o(u) + 6*v(u). Calculate q(g).
1
Let a(f) be the first derivative of -f**3/3 - 11*f**2/2 - 11*f + 13. Determine a(-9).
7
Let j(u) = -u - 4. Let f(g) = g + 5. Let t(b) = -7*f(b) - 6*j(b). Let z(s) = -307*s - 1847. Let a be z(-6). Give t(a).
-6
Let f(k) = k + 5. Let h = -4 + 5. Let d be (-10)/15 - 40/(-6). Let p = h - d. What is f(p)?
0
Let c(a) be the third derivative of a**5/120 - 5*a**4/24 - 41*a**3/6 - 27*a**2. Let b(p) be the first derivative of c(p). Calculate b(-4).
-9
Let t(p) = -2*p + 4. Let n(m) = -m**3 - 39*m**2 + 3. Let k be n(-39). Determine t(k).
-2
Let q(f) = -f + 10. Let x be q(8). Let o(v) = -v**3 + 3*v**2 - 3*v + 3. What is o(x)?
1
Suppose 3*m + m + 24 = 3*z, 5*z + 20 = 0. Let a be ((-14)/(-3))/(6/m). Let k(p) = -p - 7. Determine k(a).
0
Let d be (27/6)/3*2. Let m(i) = -3*i + 11. Let f be m(d). Let l(k) = -5*k. Calculate l(f).
-10
Suppose 0*z + 15 = -2*z - c, 0 = -2*z + 3*c - 3. Let s be (-2)/4*(1 + -5). Let p(j) = j + 0*j + 3 + s. What is p(z)?
-1
Let a be (-8)/(-2) - (-7)/7. Suppose a*u - 1 = 39. Let i(m) = 0 + 0 + 2*m - 5*m - u. What is i(-6)?
10
Suppose -11*k - 81 = -169. Let i(b) = -b**2 + 7*b + 5. What is i(k)?
-3
Let s(y) be the third derivative of 3*y**6/40 - y**4/24 + y**2 - 7. Calculate s(1).
8
Let l(s) = s**3 - 2*s**2 - 2*s - 1. Let i be l(3). Let u(w) = 2*w - 32*w**i + w**3 - 5*w + 35*w**2. Give u(-4).
-4
Let i(r) = -2*r**2 + 8*r - 3. Suppose -7*p = -2*p. Let a be (0 - (-3 - p)) + 0. Suppose a*q = 5*q - 10. Determine i(q).
-13
Let u(q) = q**2 + 5*q + 3. Let x(t) = t**3 - 20*t**2 - 19*t - 22. Let m be x(21). Let g = m - 22. Calculate u(g).
-3
Let g(y) = -y + 14. Suppose -3*n = -5*j - 10, j - 20 = n + 4*n. Let l(h) = h + 5. Let m be l(n). Calculate g(m).
14
Let g(n) = 7*n + 1. Suppose 2*o - 2*y - 2 = 0, -2*y = 69*o - 68*o - 4. What is g(o)?
15
Let c(w) = -w**2 + 5*w - 4. Suppose -2*f - 4*a = -41 - 19, -100 = -4*f - 3*a. Suppose -2 - f = -m - 4*g, 5*g - 21 = m. What is c(m)?
0
Let s be 42/4 + 2/(-4)*1. Let j(z) = s + 13 - 21 - z + z**2. Calculate j(-2).
8
Let b(l) = -l. Let t = -14 + 16. Suppose -n - 2*a = -6, -2*n - 2 = n + t*a. Calculate b(n).
4
Let j = 1012 - 1010. Let s(k) be the second derivative of 0 - 3/2*k**j - 1/6*k**3 - 4*k. Give s(-5).
2
Suppose -4*v - 27 = -31*v. Let d(o) = -29*o**3 + 2*o**2 - 1. What is d(v)?
-28
Let v = 10 + -7. Let b(c) = -2 + c + v - 5. Let l = 1350 + -1345. Calculate b(l).
1
Let m(v) = -3*v**2 + 39*v + 31. Let k(y) = y**2 - 13*y - 10. Suppose 122 - 190 = 4*c. Let z(w) = c*k(w) - 6*m(w). What is z(14)?
-2
Suppose 46 - 22 = -8*y. Let x be (4/y)/(1 - (-40)/(-30)). Let q(i) be the first derivative of i**2/2 - 5*i - 1. Determine q(x).
-1
Let u(z) = -1 - 2*z**2 - 8*z**3 + 15*z + 18*z**3 - 11*z**3. Let s be u(-5). Let i(k) = -3*k**2. Give i(s).
-3
Let i(f) be the third derivative of -f**4/12 + 4*f**3/3 + 23*f**2 - f. Give i(7).
-6
Let a(h) = -h**2 - 8*h - 12. Suppose 9*c = 160 - 196. Determine a(c).
4
Let i(k) = -4 + k + 2*k - k**2 - 4*k - 5*k. Suppose 15 = -4*p + p. What is i(p)?
1
Suppose -4*m + 16 + 0 = 0. Let w(u) = u**3 - 6*u**2 + 5*u + 2. What is w(m)?
-10
Let a(o) = -o**2 + 6*o - 4. Let c be a(5). Let j(y) = 26*y**2 - 6*y - 14. Let f(w) = 9*w**2 - 2*w - 5. Let u(n) = 17*f(n) - 6*j(n). Give u(c).
-2
Suppose -4*c = -5*c - 31. Let d = c - -33. Let l(z) = -3*z**2 + 2*z - 7. Let m(y) = 7*y**2 - 5*y + 14. Let p(j) = d*m(j) + 5*l(j). Determine p(0).
-7
Suppose -115*t = -119*t - 12. Let h(u) = -u - 1. Let v(a) = a**2 + 6*a + 7. Let m(n) = -4*h(n) - v(n). What is m(t)?
-6
Let j(z) = -2*z - 18. Let r(n) = n + 10. Let p(g) = 2*j(g) + 5*r(g). Suppose 2*c = -4*v - 6, v + 7 = -2*c - 5. Calculate p(c).
7
Suppose 5*f - q - 11 = 0, 2*q = 2*f - 4*f + 2. Let h(x) = x**3 - 2 + 4 + 4*x**f - 3 + 3*x. Let n be (-2)/(-3) + (-55)/15. Calculate h(n).
-1
Suppose 8*r = 89 - 73. Let a(q) = q**3 - 2*q**2 - 5*q + 3. Give a(r).
-7
Let h(y) = 3*y + 6. Let u be h(0). Suppose 4*q + 3*b = 47, -2*b = 4*q - u*b - 68. Suppose 16 = -5*m - q. Let c(r) = r - 8. Calculate c(m).
-14
Let x(d) be the first derivative of d**3/3 - d**2/2 - d - 107. Calculate x(1).
-1
Let x(z) = -355*z - 362*z + 2 - 3 + 718*z. Determine x(1).
0
Suppose 3*f - 1 + 13 = 0. Let a(i) be the first derivative of 2*i**3/3 + 2*i**2 - 2*i + 707. Give a(f).
14
Let d(k) be the third derivative of 2*k**2 - 1/8*k**4 + 0*k + 0 + 0*k**3. Determine d(-1).
3
Let c be -6 + 1/((-3)/9). Let z(x) = x**3 + 10*x**2 + 8*x - 5. Let r be z(c). Let b(u) = u**3 + 0 + 5 - 1 + 0 - 3*u**2 - 2*u. What is b(r)?
12
Suppose 2*s = n + 7, 2*n = 5*n - 5*s + 17. Let p(o) = 2*o + 5*o + 0 - o**2 + 4 - n. Calculate p(7).
3
Let f(w) be the first derivative of w**4/4 - 5*w**3/3 + w + 2. Let d = 6665 + -6660. Calculate f(d).
1
Let r(k) be the second derivative of -k**4/12 + 7*k**3/6 - 4*k**2 + 5*k. Let f(q) be the first derivative of r(q). Determine f(5).
-3
Let i(x) be the first derivative of x**4/4 - 5*x**3/3 + 3*x**2/2 - 3*x + 1. Let c(a) = 355*a + 1425. Let m be c(-4). Calculate i(m).
12
Let j(l) = 2*l + 12. Suppose 0 = 2*b - 3*c + 14, 15 = -4*b + 4*c - 13. What is j(b)?
-2
Let h(l) = 9*l - 1. Suppose 0 = 5*m - 10, -5*x - m = 2 - 29. Let s = x - 5. Suppose s = -i + 2 - 3. Calculate h(i).
-10
Let f(g) = -107 + 4*g + 105 - 5*g. Give f(7).
-9
Let l(q) be the first derivative of -q**3/3 - 4*q - 145. What is l(3)?
-13
Suppose o + 9 = -0*v - 3*v, -5*o - 3*v = -3. Let q(w) = w + 2*w - 2*w**2 + 46 - w**2 - 44. Give q(o).
-16
Let n(r) = -19*r**2 - 16*r - 26. Let x(a) = -7*a**2 - 5*a - 9. Let u(t) = -4*n(t) + 11*x(t). Give u(6).
23
Let r(a) = -162*a**2 - 135*a + 135. Let j(i) = -i**2 - i + 1. Let v(u) = -135*j(u) + r(u). Determine v(-1).
-27
Suppose x + o - 56 = -0*x, 52 = x + 2*o. Let b = x + -32. Suppose -4*c + b = 3*c. Let l(u) = u**3 - 4*u**2 - 5*u + 2. Determine l(c).
-18
Let y(f) be the second derivative of -f**5/20 - f**4/12 + f**3/2 - 2*f**2 + 80*f. Give y(-3).
5
Let k(m) = -m**2 + 2*m - 2. Suppose -2*b - 3*b = 0. Let h = 4 - b. Let d = h + -1. Determine k(d).
-5
Let m = 4 - 4. Let d(c) = -7*c**2 - c + 2*c**3 + 6*c**2 - 6*c**3 + 5*c**3 + 8. What is d(m)?
8
Suppose -4*n - 8 = -4*m, 0*n + 2 = -3*m - n. Let a(h) = 3*h + 1. Let f be a(m). Let s be -6*-1*(0 - f). Let w(x) = -x**3 - 5*x**2 + 8*x + 7. Calculate w(s).
-5
Let f(m) be the third derivative of 0*m - 1/24*m**4 + 1/3*m**3 - 15*m**2 + 0. Give f(3).
-1
Suppose 0 = 5*x + t + 3*t, x = -2*t - 6. Let n(z) = 4*z - 6. What is n(x)?
10
Let d be (-1 + 2)/(-2*(-6)/(-24)). Let r(m) = 4*m**3 + 2*m + 2. Let o(u) = 3*u**3 + 2*u + 1. Let t(b) = d*r(b) + 3*o(b). Calculate t(1).
2
Let s(g) = -49 + g + 41 + g**3 - 13*g**2 + 15. Determine s(13).
20
Let b(x) = -x + 4. Suppose -5*h - 10 = -3*h. Let r(y) = y**2 + 6*y + 2. Let g be r(h). Let d = -6 - g. What is b(d)?
7
